What is the remainder when 25074 is divided by 3072?
498
What is the remainder when 152819 is divided by 12734?
11
What is the remainder when 2326953 is divided by 1003?
996
Calculate the remainder when 1954752 is divided by 21.
9
Calculate the remainder when 1890152 is divided by 17.
7
Calculate the remainder when 5755 is divided by 571.
45
Calculate the remainder when 797204 is divided by 821.
13
What is the remainder when 1443417 is divided by 20?
17
Calculate the remainder when 735416 is divided by 24291.
6686
Calculate the remainder when 570539 is divided by 96.
11
Calculate the remainder when 85957046 is divided by 120.
86
Calculate the remainder when 3102959 is divided by 48.
47
What is the remainder when 1685106 is divided by 33702?
6
What is the remainder when 164204767 is divided by 31?
30
Calculate the remainder when 1142281 is divided by 2786.
21
What is the remainder when 264674 is divided by 2187?
47
What is the remainder when 106337 is divided by 11555?
2342
What is the remainder when 146446 is divided by 386?
152
What is the remainder when 242617 is divided by 720?
697
What is the remainder when 611483 is divided by 122278?
93
What is the remainder when 101584557 is divided by 1673?
1670
Calculate the remainder when 3316556 is divided by 646.
638
What is the remainder when 5273885 is divided by 77557?
9
Calculate the remainder when 24029656 is divided by 138.
130
Calculate the remainder when 2279218 is divided by 1139599.
20
Calculate the remainder when 8094540 is divided by 1804.
1796
Calculate the remainder when 1274221 is divided by 734.
731
What is the remainder when 82655400 is divided by 1942?
1938
What is the remainder when 21465 is divided by 7031?
372
Calculate the remainder when 27866982 is divided by 13933490.
2
Calculate the remainder when 2713594 is divided by 1622.
1610
What is the remainder when 2967076 is divided by 5783?
397
What is the remainder when 1669664 is divided by 2595?
1079
What is the remainder when 27577 is divided by 4052?
3265
What is the remainder when 60502 is divided by 221?
169
What is the remainder when 7382691 is divided by 7?
1
Calculate the remainder when 179315 is divided by 89436.
443
What is the remainder when 18245727 is divided by 999?
990
Calculate the remainder when 3956977 is divided by 1138.
151
What is the remainder when 186056 is divided by 13255?
486
Calculate the remainder when 3175 is divided by 1001.
172
Calculate the remainder when 99052 is divided by 49256.
540
Calculate the remainder when 2628847 is divided by 51546.
1
What is the remainder when 2383228 is divided by 2383228?
0
What is the remainder when 6411654 is divided by 2346?
36
Calculate the remainder when 1371323 is divided by 127.
104
What is the remainder when 250173 is divided by 245?
28
Calculate the remainder when 403547 is divided by 403429.
118
What is the remainder when 98275332 is divided by 9226?
9206
Calculate the remainder when 458266 is divided by 458255.
11
What is the remainder when 9094464 is divided by 254?
248
What is the remainder when 3868667 is divided by 1112?
19
Calculate the remainder when 262998 is divided by 39.
21
What is the remainder when 493223 is divided by 2418?
2369
Calculate the remainder when 280373079 is divided by 9.
3
What is the remainder when 17899051 is divided by 1193253?
256
What is the remainder when 1029772 is divided by 85813?
16
What is the remainder when 344774 is divided by 14364?
38
What is the remainder when 93972079 is divided by 1423?
5
What is the remainder when 172478 is divided by 95?
53
Calculate the remainder when 13689 is divided by 3544.
3057
Calculate the remainder when 641158 is divided by 2010.
1978
What is the remainder when 39892 is divided by 6368?
1684
What is the remainder when 8434800 is divided by 2374?
2352
Calculate the remainder when 45507761 is divided by 1314.
1313
What is the remainder when 30388 is divided by 1047?
25
What is the remainder when 115947618 is divided by 37?
15
Calculate the remainder when 118286 is divided by 389.
30
Calculate the remainder when 374324 is divided by 108.
104
Calculate the remainder when 154398 is divided by 4961.
607
Calculate the remainder when 3892432 is divided by 3.
1
What is the remainder when 201395501 is divided by 6?
5
What is the remainder when 7713 is divided by 2643?
2427
What is the remainder when 132020 is divided by 16498?
36
What is the remainder when 4737334 is divided by 989?
24
What is the remainder when 347948 is divided by 42616?
7020
Calculate the remainder when 85444 is divided by 28118.
1090
What is the remainder when 304792 is divided by 203?
89
Calculate the remainder when 5862547 is divided by 1954181.
4
Calculate the remainder when 235082 is divided by 94.
82
Calculate the remainder when 24284 is divided by 2950.
684
Calculate the remainder when 291257 is divided by 3465.
197
Calculate the remainder when 38054 is divided by 12634.
152
What is the remainder when 556220 is divided by 3178?
70
What is the remainder when 642981 is divided by 2957?
1312
Calculate the remainder when 7960591 is divided by 929.
919
Calculate the remainder when 8274771 is divided by 2068686.
27
Calculate the remainder when 131682 is divided by 14561.
633
What is the remainder when 1507125 is divided by 270?
255
Calculate the remainder when 228178 is divided by 1722.
874
Calculate the remainder when 24549309 is divided by 28.
1
What is the remainder when 69369119 is divided by 66?
17
What is the remainder when 4575131 is divided by 118?
35
What is the remainder when 2503524 is divided by 24?
12
What is the remainder when 36224937 is divided by 67?
47
Calculate the remainder when 66363425 is divided by 76.
73
Calculate the remainder when 21002 is divided by 417.
152
Calculate the remainder when 220005 is divided by 1216.
1125
What is the remainder when 770977 is divided by 5341?
1873
What is the remainder when 70444081 is divided by 229?
17
What is the remainder when 3475725 is divided by 36?
33
What is the remainder when 423906 is divided by 517?
483
What is the remainder when 176792 is divided by 81?
50
What is the remainder when 7852365 is divided by 1381?
1380
What is the remainder when 105763832 is divided by 7945?
7937
What is the remainder when 298117 is divided by 3681?
3637
What is the remainder when 9390150 is divided by 1878020?
50
What is the remainder when 4539122 is divided by 1404?
1394
What is the remainder when 2634759 is divided by 131?
87
Calculate the remainder when 391242 is divided by 16942.
1576
What is the remainder when 67629792 is divided by 3102?
3090
What is the remainder when 6577866 is divided by 46983?
246
Calculate the remainder when 243566 is divided by 60891.
2
What is the remainder when 12003809 is divided by 285?
179
What is the remainder when 1788555 is divided by 49681?
39
What is the remainder when 26336 is divided by 6409?
700
Calculate the remainder when 6110173 is divided by 174576.
13
Calculate the remainder when 1015393 is divided by 4376.
161
What is the remainder when 141541 is divided by 7787?
1375
Calculate the remainder when 7441933 is divided by 87552.
13
Calculate the remainder when 122626 is divided by 2985.
241
Calculate the remainder when 67632 is divided by 66420.
1212
What is the remainder when 242663 is divided by 60659?
27
Calculate the remainder when 6835818 is divided by 479.
9
What is the remainder when 2960294 is divided by 37?
35
Calculate the remainder when 2011774 is divided by 335295.
4
Calculate the remainder when 1590887 is divided by 2781.
155
What is the remainder when 2415096 is divided by 203?
5
Calculate the remainder when 110094 is divided by 7261.
1179
Calculate the remainder when 34519863 is divided by 261514.
15
Calculate the remainder when 554412 is divided by 11545.
252
What is the remainder when 9904168 is divided by 619010?
8
What is the remainder when 1478440 is divided by 42?
40
What is the remainder when 5381152 is divided by 44?
40
What is the remainder when 58164414 is divided by 477?
465
What is the remainder when 9469295 is divided by 274?
129
What is the remainder when 84239 is divided by 9351?
80
What is the remainder when 245126 is divided by 122557?
12
What is the remainder when 1376869 is divided by 625?
619
Cal